 n(p).
-5
Let k(p) = 2 - 145*p + 3*p**3 + 141*p - 3 + 0*p**2 - p**2 - 4*p**3. Give k(-3).
29
Suppose 12 = -4*b - 2*w + 2, -3*b - 3*w = 6. Let n(t) be the first derivative of t**4/4 + t**3/3 - t**2 + 2*t + 1. Determine n(b).
-10
Let o(q) = q**3 + 6*q**2 - 1 + 3*q + 0*q - 6*q + 9*q. Suppose 5*v = -m - 20, 2*m - 29 = 2*v - 9. Give o(v).
-6
Let t(h) = 2*h + 3. Suppose -30 = -g - 4*g. Suppose 3*x - g = x. Suppose 0*v - 6 = x*v. Give t(v).
-1
Suppose 4*u - 14*u + 30 = 0. Let n(t) = 4*t + 1. Determine n(u).
13
Suppose 516*u - 519*u = -2*l + 17, -3*l + 4*u = -23. Let v(d) = -13*d. What is v(l)?
-13
Let x(t) = -t - 12. Suppose -u = -0*u + 3*c - 19, u + 13 = 5*c. Let n be -1*(-1 + u - 1). Give x(n).
-7
Let d(q) = 4*q. Suppose 0*c + 4*c - 3*c = 0. Let b be d(c). Let s(m) = m**2. Determine s(b).
0
Let p(x) = 12*x**3 + 4*x + 4 + 5 - 13*x**3 - 2*x**2 - 6. Let i(c) = -c - 1 + 2 - 19. Let h be i(-15). Determine p(h).
0
Let j(x) = 16*x**2 - 95*x + 54. Let r(f) = 3*f**2 - 19*f + 11. Let y(t) = 2*j(t) - 11*r(t). Let v be y(18). Let z(c) = -c**2 + 5*c. Determine z(v).
0
Let p(s) = -2*s + 4 - s**2 + 2*s**2 + s**2 - s**2. Let c = 47 + -50. Give p(c).
19
Let g = 2 - 0. Let x(l) = l**2 - 6*l - 22. Let y be x(-5). Let v(a) = 62*a - 26*a - y*a - a**2. Calculate v(g).
2
Let q(f) = -11*f**2 + f. Let v be (-4 - -3)/((-5 - -3) + 3). Calculate q(v).
-12
Let f(k) = -2*k + 5*k + 1 - k. Let h be f(1). Let v(m) = 4*m - h*m + 3*m - 2*m. Calculate v(-5).
-10
Suppose q - 23 = 5*l + 4*q, 3*l - 3*q + 9 = 0. Let s(b) = 5*b**2 + 6*b + 4. Give s(l).
60
Suppose 3*u + 2*u = 50. Let i be -5*(2 + (-8)/u). Let p = i + 7. Let f(o) = -2*o**3 - o**2 + o - 1. Determine f(p).
-3
Suppose 0 = 5*k, k = -4*c - 3*k - 28. Let q be (98/8)/c + 1/(-4). Let o(a) = -8*a + 1. Give o(q).
17
Let m(c) = c**2 + 16*c - 4. Suppose -4*b + g - 44 = 25, 3*g - 88 = 5*b. Determine m(b).
13
Let p(r) = 2*r**2 - r - 1. Suppose -3 + 19 = 4*n. Suppose u - 2*f - n = 7, 3*f - 1 = -2*u. Let x = u + -6. What is p(x)?
2
Let f(g) = g**3 + 6*g**2 - 7*g + 6. Let n = -37 + 53. Let l = -24 - n. Let k = l + 33. Give f(k).
6
Let b(j) be the second derivative of j**5/120 - j**4/12 + 43*j**3/6 - 14*j. Let y(f) be the second derivative of b(f). Determine y(6).
4
Let c be (39/(-9) - -4) + (-3)/(-9). Let q(f) = f**3 - f + 19. Determine q(c).
19
Let m(b) = b**3 - 3*b**2 - 4*b + 6. Let c(t) be the third derivative of 2*t**4/3 - 38*t**3/3 + t**2 + 10*t. Let s be c(5). Give m(s).
6
Let k(w) = -6*w + 1. Let t(n) = -n**3 + 18*n**2 - 17*n + 9. Let l be t(17). Suppose 10*p - p = -l. Give k(p).
7
Let z(q) = -7*q**2 + 7*q + 23. Let m(h) = h**2 - 2. Let g(x) = 6*m(x) + z(x). Calculate g(6).
17
Let o(t) = 9*t**2 - 3 + t**3 + t**2 - 16*t**2 + 4*t**2 + 5*t. What is o(3)?
21
Let k = -3 - -6. Let b(g) = 16*g + 5. Let s(v) = -7*v + 2*v + 0*v - 2. Let c(f) = -2*b(f) - 7*s(f). Calculate c(k).
13
Let b be 6*(2 + 3 + -4). Let m(a) = -95 + b*a + 94 - 3*a. Give m(-3).
-10
Let l(z) = z - 14. Let u(h) = 3*h - 27. Let m(g) = -5*l(g) + 2*u(g). Calculate m(0).
16
Let a(f) = 50*f. Suppose 69*p - 5 = 74*p. Determine a(p).
-50
Let c(j) = 6*j**3 - 8*j**2 + 2*j - 4. Suppose -4 = 3*z - 4*w, z + w = 2*z. Let a(i) = 7*i**3 - 9*i**2 + 2*i - 5. Let u(k) = z*a(k) - 5*c(k). Determine u(2).
-4
Let h(u) = 1 - u**2 - u**2 - 59*u + 70*u. Calculate h(5).
6
Let f(i) = -4 - i - i + 4*i. Determine f(2).
0
Let x be (-80)/(-88) + 2*(-2)/(-44). Let g(a) = 5*a**2 - a**2 + a - 1 - 3*a**2 - 5*a**2. Determine g(x).
-4
Let h(p) = -p**3 + 13*p**2 + 13*p + 17. Let n = 796 + -782. Determine h(n).
3
Let i(t) = t + 1. Let j be i(5). Let z(x) be the third derivative of -x**4/24 + x**3/2 + 290*x**2. Determine z(j).
-3
Let a = -22 - -29. Suppose 4*k - a - 5 = 0. Let d(p) = -2*p**2 + 4*p - 2. Give d(k).
-8
Let y be (-2 + 1)/((-2)/4). Let v be 6*(-3)/(-6) + y. Let s(n) = n**3 - 6*n**2 + 3*n - 2. Give s(v).
-12
Let i(z) = 17*z**3 + 6*z**3 + 2*z**3 - 60 + 59 + z. What is i(1)?
25
Let x(n) be the first derivative of -n**5/20 + n**3/3 + 3*n**2/2 + 39*n + 4. Let t(g) be the first derivative of x(g). Determine t(3).
-18
Let c(z) = -z**2 + 5*z + 16. Suppose -15*o + 58*o = 344. What is c(o)?
-8
Let j(g) = -g**3 + 3*g**2 - 4*g + 4. Let s(f) = f**3 - 4*f**2 + 3*f - 4. Let o(q) = 3*j(q) + 4*s(q). Calculate o(7).
-4
Let l(m) = -m**2 + m - 7. Let c(b) = 3*b**2 - 2*b + 20. Let h(y) = 4*c(y) + 11*l(y). Let v = 0 + -7. Let z be (-3)/6 + v/2. Determine h(z).
7
Let z(b) = -b**3 + 15*b**2 - 13*b - 8. Let l = -775 - -789. Determine z(l).
6
Let y(h) = h**2 + 7*h - 10. Suppose -438 + 361 = 11*a. What is y(a)?
-10
Let u(a) = 1 - 2 - 1 - 2 + 4*a + a. Calculate u(3).
11
Let c = 11 + -7. Let h(o) be the second derivative of -o**4/12 - 3*o**2/2 + 4*o - 5. What is h(c)?
-19
Let k(b) = 2*b**2 + 6*b - 6. Let m be ((-42)/(-10))/((-1)/(-5)). Let j(o) = -o**3 + 44*o**2 + 90*o + 98. Let x be j(46). Suppose -m + x = 3*n. Give k(n).
14
Let l = 44 - 42. Let s(x) = x + x**3 - 5*x**2 + 2*x**2 + l*x**2. Give s(1).
1
Let q(p) = 3*p - 2. Let h = -595 - -598. Calculate q(h).
7
Let b(m) = -2 + 2*m - 3 + 2 + m. Let t be b(2). Let f(x) = 11 - t - 4 - 3 + x. Determine f(2).
3
Let a(y) = -y - 8. Let n be (-2)/(-11) + 2180/110 + -8. Determine a(n).
-20
Let t = -11 - 2. Suppose 7*z - 8*z - 14 = 0. Let m = t - z. Let q(x) = -9*x**2. Determine q(m).
-9
Let u(d) = -2. Let v(p) = -p - 1. Let w(b) = -u(b) + 3*v(b). Let l be 6/(-10) - ((-40)/25 + 0). What is w(l)?
-4
Let t(f) = 48*f - 14*f**2 + 1 - 52*f + 10*f**2 + 6*f**2. Let i = -11 - -15. Let y be -3 - -2 - i/(-1). Calculate t(y).
7
Let p(i) = i - 1. Let g(v) = -v**3 + 10*v**2 - 17*v + 5. Let l(q) = -g(q) + 4*p(q). Calculate l(7).
-9
Let d(a) be the second derivative of -a**5/20 + a**3/6 - 33*a + 1. Calculate d(1).
0
Let r(j) be the second derivative of -j**4/12 - 5*j**3/3 - 11*j**2/2 - 201*j + 1. Calculate r(-9).
-2
Let a(d) = 50*d - 7 + 2 - 98*d + 49*d. Let l(i) = i**3 + 6*i**2 - 2*i - 6. Let f be l(-6). What is a(f)?
1
Let w(k) = -k**3 - 12*k**2 + 28*k + 6. Let y be w(-14). Let g(a) = -2*a + 11. Give g(y).
-1
Let f(g) be the third derivative of -g**6/120 - g**5/12 - g**4/24 - 2*g**2 + 13. What is f(-2)?
-10
Let x(m) be the first derivative of 5*m**2/2 + 4*m - 1. Let o(y) = -2*y**3 + 41*y**2 - 57*y - 4. Let c be o(19). Give x(c).
-16
Let i(j) = j**2 + 8*j - 11. Suppose q - 13 = -0. Suppose -16*n = -q*n + 27. Give i(n).
-2
Let o(x) = x**3 + 9*x**2 + 14*x - 8. Let d be o(-7). Let v(p) = -p**2 - 10*p + 12. Let a(j) = 2*j**2 + 21*j - 25. Let h(g) = 4*a(g) + 9*v(g). Calculate h(d).
-8
Let i(y) = 20*y + 27*y + 3 - 49*y. Let s be (-5)/2*(-36)/45. Give i(s).
-1
Let u(x) = -x**3 + 4*x**2 + x. Let y(s) = s**2 + 6*s + 7. Let z be y(-5). Suppose z = 2*v - 4. Suppose -2*l = -t - 9, v*l = 4*t + t + 17. What is u(l)?
4
Suppose 31*q + 54*q + 595 = 0. Let g(z) = z**2 + 8*z - 9. Calculate g(q).
-16
Let c(r) be the first derivative of -r**4/4 + 3*r**3 - 7*r**2/2 + 196. Give c(8).
8
Let z be 12/(-5) - (1 + (-14)/10). Let y(o) = 4*o + 1. Give y(z).
-7
Let m(g) = -g**2 + 4*g - 2. Let a be m(2). Let l be a*(0 - 3/2). Let w(o) = -2*o + 4. Let f(c) = c - 4. Let y(t) = 5*f(t) + 4*w(t). Give y(l).
5
Let b(j) = -j + 29. Let n(y) = 2*y - 56. Let f(q) = -7*b(q) - 4*n(q). Give f(19).
2
Suppose 4*d - 14*d = 60. Let t be 18/4*(-4)/d. Let r(g) = g**2 - g + 1. Determine r(t).
7
Let r(k) = -5*k**3 - 2*k**2 + 3*k. Let w(f) = 6*f**3 + 3*f**2 - 4*f. Suppose 4 = -4*o - 12. Let b(c) = o*r(c) - 3*w(c). Let p = 0 - -1. Give b(p).
1
Suppose 0 = -3*u - 33 - 6. Let s(h) = -3*h**2 - 37*h + 31. Let d be s(u). Let f(p) = 4*p - 4. What is f(d)?
16
Let i(m) = -7*m - 2. Suppose -7*v - 103 = -96. Give i(v).
5
Suppose -87 = 6*k - 99. Let h(m) = -m**2 + 3. Calculate h(k).
-1
Let x(j) = 7*j**3 + 331*j - 6*j**3 - j**2 - 336*j + 2. Determine x(4).
30
Let n(y) = -7*y**2 - y**3 - 4*y - 4*y - 1 + 9*y - 4*y. What is n(-5)?
-36
Let l(p) be the second derivative of -8*p**4/3 - p**3/3 + p**2/2 + 12*p - 5. What is l(1)?
-33
Let b = -13 - -44. Suppose -5*a + 36 = b. Let c(n) be the first derivative of -3*n**4/2 + n**3/3 - n**2/2 + n - 1. Give c(a).
-5
Let g(i) = 10*i + 1. Let p(m) = -6*m - 1. Let z(o) = -4*g(o) - 7*p(o). Give z(8).
19
Let h(c) = -5*c**3 - 13*c**3 - c**2 - 11*c**3 + 21*c**3. Determine h(1).
-9
Let z be (-1210)/(-363)*(-12)/10. Let f(v) = v**2 + v + 